[INFO] cloning repository https://github.com/christophersarmiento/WinTile
[INFO] running `Command { std: "git" "-c" "credential.helper=" "-c" "credential.helper=/workspace/cargo-home/bin/git-credential-null" "clone" "--bare" "https://github.com/christophersarmiento/WinTile" "/workspace/cache/git-repos/https%3A%2F%2Fgithub.com%2Fchristophersarmiento%2FWinTile", kill_on_drop: false }`
[INFO] [stderr] Cloning into bare repository '/workspace/cache/git-repos/https%3A%2F%2Fgithub.com%2Fchristophersarmiento%2FWinTile'...
[INFO] running `Command { std: "git" "rev-parse" "HEAD", kill_on_drop: false }`
[INFO] [stdout] af97128167bccd4f146fa5d6e98c49540796497f
[INFO] checking christophersarmiento/WinTile against master#9610dfe5a9a731ced1ea4923ecbd0c57fe367898 for beta-170-4
[INFO] running `Command { std: "git" "clone" "/workspace/cache/git-repos/https%3A%2F%2Fgithub.com%2Fchristophersarmiento%2FWinTile" "/workspace/builds/worker-4-tc1/source", kill_on_drop: false }`
[INFO] [stderr] Cloning into '/workspace/builds/worker-4-tc1/source'...
[INFO] [stderr] done.
[INFO] validating manifest of git repo https://github.com/christophersarmiento/WinTile on toolchain 9610dfe5a9a731ced1ea4923ecbd0c57fe367898
[INFO] running `Command { std: CARGO_HOME="/workspace/cargo-home" RUSTUP_HOME="/workspace/rustup-home" "/workspace/cargo-home/bin/cargo" "+9610dfe5a9a731ced1ea4923ecbd0c57fe367898" "metadata" "--manifest-path" "Cargo.toml" "--no-deps", kill_on_drop: false }`
[INFO] started tweaking git repo https://github.com/christophersarmiento/WinTile
[INFO] finished tweaking git repo https://github.com/christophersarmiento/WinTile
[INFO] tweaked toml for git repo https://github.com/christophersarmiento/WinTile written to /workspace/builds/worker-4-tc1/source/Cargo.toml
[INFO] crate git repo https://github.com/christophersarmiento/WinTile already has a lockfile, it will not be regenerated
[INFO] running `Command { std: CARGO_HOME="/workspace/cargo-home" RUSTUP_HOME="/workspace/rustup-home" "/workspace/cargo-home/bin/cargo" "+9610dfe5a9a731ced1ea4923ecbd0c57fe367898" "fetch" "--manifest-path" "Cargo.toml", kill_on_drop: false }`
[INFO] running `Command { std: "docker" "create" "-v" "/var/lib/crater-agent-workspace/builds/worker-4-tc1/target:/opt/rustwide/target:rw,Z" "-v" "/var/lib/crater-agent-workspace/builds/worker-4-tc1/source:/opt/rustwide/workdir:ro,Z" "-v" "/var/lib/crater-agent-workspace/cargo-home:/opt/rustwide/cargo-home:ro,Z" "-v" "/var/lib/crater-agent-workspace/rustup-home:/opt/rustwide/rustup-home:ro,Z" "-e" "SOURCE_DIR=/opt/rustwide/workdir" "-e" "CARGO_TARGET_DIR=/opt/rustwide/target" "-e" "CARGO_HOME=/opt/rustwide/cargo-home" "-e" "RUSTUP_HOME=/opt/rustwide/rustup-home" "-w" "/opt/rustwide/workdir" "-m" "1610612736" "--user" "0:0" "--network" "none" "ghcr.io/rust-lang/crates-build-env/linux@sha256:19e73879b68f455e41552ea35293514db52ea292d993f571636dbffedb77a1ee" "/opt/rustwide/cargo-home/bin/cargo" "+9610dfe5a9a731ced1ea4923ecbd0c57fe367898" "metadata" "--no-deps" "--format-version=1", kill_on_drop: false }`
[INFO] [stdout] b2240adcf5e98e17ca3d8df912f8ee77da2c2870e7a8bd61f9be4799335109a2
[INFO] running `Command { std: "docker" "start" "-a" "b2240adcf5e98e17ca3d8df912f8ee77da2c2870e7a8bd61f9be4799335109a2", kill_on_drop: false }`
[INFO] running `Command { std: "docker" "inspect" "b2240adcf5e98e17ca3d8df912f8ee77da2c2870e7a8bd61f9be4799335109a2", kill_on_drop: false }`
[INFO] running `Command { std: "docker" "rm" "-f" "b2240adcf5e98e17ca3d8df912f8ee77da2c2870e7a8bd61f9be4799335109a2", kill_on_drop: false }`
[INFO] [stdout] b2240adcf5e98e17ca3d8df912f8ee77da2c2870e7a8bd61f9be4799335109a2
[INFO] running `Command { std: "docker" "create" "-v" "/var/lib/crater-agent-workspace/builds/worker-4-tc1/target:/opt/rustwide/target:rw,Z" "-v" "/var/lib/crater-agent-workspace/builds/worker-4-tc1/source:/opt/rustwide/workdir:ro,Z" "-v" "/var/lib/crater-agent-workspace/cargo-home:/opt/rustwide/cargo-home:ro,Z" "-v" "/var/lib/crater-agent-workspace/rustup-home:/opt/rustwide/rustup-home:ro,Z" "-e" "SOURCE_DIR=/opt/rustwide/workdir" "-e" "CARGO_TARGET_DIR=/opt/rustwide/target" "-e" "CARGO_INCREMENTAL=0" "-e" "RUST_BACKTRACE=full" "-e" "RUSTFLAGS=--cap-lints=forbid" "-e" "RUSTDOCFLAGS=--cap-lints=forbid" "-e" "CARGO_HOME=/opt/rustwide/cargo-home" "-e" "RUSTUP_HOME=/opt/rustwide/rustup-home" "-w" "/opt/rustwide/workdir" "-m" "1610612736" "--user" "0:0" "--network" "none" "ghcr.io/rust-lang/crates-build-env/linux@sha256:19e73879b68f455e41552ea35293514db52ea292d993f571636dbffedb77a1ee" "/opt/rustwide/cargo-home/bin/cargo" "+9610dfe5a9a731ced1ea4923ecbd0c57fe367898" "check" "--frozen" "--all" "--all-targets" "--message-format=json", kill_on_drop: false }`
[INFO] [stdout] dfacb5736852a3e24b3a7a539eae3e34177cc6693ea7c0e9096487e436787b6b
[INFO] running `Command { std: "docker" "start" "-a" "dfacb5736852a3e24b3a7a539eae3e34177cc6693ea7c0e9096487e436787b6b", kill_on_drop: false }`
[INFO] [stderr]    Compiling proc-macro2 v1.0.24
[INFO] [stderr]    Compiling unicode-xid v0.2.1
[INFO] [stderr]    Compiling syn v1.0.48
[INFO] [stderr]    Compiling serde_derive v1.0.117
[INFO] [stderr]    Compiling ryu v1.0.5
[INFO] [stderr]    Compiling serde v1.0.117
[INFO] [stderr]    Compiling serde_json v1.0.59
[INFO] [stderr]     Checking itoa v0.4.6
[INFO] [stderr]     Checking hex v0.4.2
[INFO] [stderr]    Compiling quote v1.0.7
[INFO] [stderr]     Checking wintile v0.1.0 (/opt/rustwide/workdir)
[INFO] [stdout] error[E0433]: failed to resolve: use of undeclared crate or module `winapi`
[INFO] [stdout]    --> src/main.rs:264:7
[INFO] [stdout]     |
[INFO] [stdout] 264 |   use winapi::um::winuser::{ RegisterHotKey, GetMessageW };
[INFO] [stdout]     |       ^^^^^^ use of undeclared crate or module `winapi`
[INFO] [stdout] 
[INFO] [stdout] 
[INFO] [stdout] error[E0433]: failed to resolve: use of undeclared crate or module `winapi`
[INFO] [stdout]    --> src/main.rs:264:7
[INFO] [stdout]     |
[INFO] [stdout] 264 |   use winapi::um::winuser::{ RegisterHotKey, GetMessageW };
[INFO] [stdout]     |       ^^^^^^ use of undeclared crate or module `winapi`
[INFO] [stdout] 
[INFO] [stdout] 
[INFO] [stdout] error[E0433]: failed to resolve: use of undeclared crate or module `winapi`
[INFO] [stdout]    --> src/main.rs:266:18
[INFO] [stdout]     |
[INFO] [stdout] 266 |   let modifier = winapi::um::winuser::MOD_ALT as u32;
[INFO] [stdout]     |                  ^^^^^^ use of undeclared crate or module `winapi`
[INFO] [stdout] 
[INFO] [stdout] 
[INFO] [stdout] error[E0433]: failed to resolve: use of undeclared crate or module `winapi`
[INFO] [stdout]    --> src/main.rs:266:18
[INFO] [stdout]     |
[INFO] [stdout] 266 |   let modifier = winapi::um::winuser::MOD_ALT as u32;
[INFO] [stdout]     |                  ^^^^^^ use of undeclared crate or module `winapi`
[INFO] [stdout] 
[INFO] [stdout] 
[INFO] [stdout] error[E0433]: failed to resolve: use of undeclared crate or module `winapi`
[INFO] [stdout]    --> src/main.rs:267:16
[INFO] [stdout]     |
[INFO] [stdout] 267 |   let period = winapi::um::winuser::VK_OEM_PERIOD as u32;
[INFO] [stdout]     |                ^^^^^^ use of undeclared crate or module `winapi`
[INFO] [stdout] 
[INFO] [stdout] 
[INFO] [stdout] error[E0433]: failed to resolve: use of undeclared crate or module `winapi`
[INFO] [stdout]    --> src/main.rs:267:16
[INFO] [stdout]     |
[INFO] [stdout] 267 |   let period = winapi::um::winuser::VK_OEM_PERIOD as u32;
[INFO] [stdout]     |                ^^^^^^ use of undeclared crate or module `winapi`
[INFO] [stdout] 
[INFO] [stdout] 
[INFO] [stdout] error[E0433]: failed to resolve: use of undeclared crate or module `winapi`
[INFO] [stdout]    --> src/main.rs:268:15
[INFO] [stdout]     |
[INFO] [stdout] 268 |   let comma = winapi::um::winuser::VK_OEM_COMMA as u32;
[INFO] [stdout]     |               ^^^^^^ use of undeclared crate or module `winapi`
[INFO] [stdout] 
[INFO] [stdout] 
[INFO] [stdout] error[E0433]: failed to resolve: use of undeclared crate or module `winapi`
[INFO] [stdout]    --> src/main.rs:268:15
[INFO] [stdout]     |
[INFO] [stdout] 268 |   let comma = winapi::um::winuser::VK_OEM_COMMA as u32;
[INFO] [stdout]     |               ^^^^^^ use of undeclared crate or module `winapi`
[INFO] [stdout] 
[INFO] [stdout] 
[INFO] [stdout] error[E0433]: failed to resolve: use of undeclared crate or module `winapi`
[INFO] [stdout]    --> src/main.rs:269:21
[INFO] [stdout]     |
[INFO] [stdout] 269 |   let mut message : winapi::um::winuser::MSG = unsafe { std::mem::zeroed() };
[INFO] [stdout]     |                     ^^^^^^ use of undeclared crate or module `winapi`
[INFO] [stdout] 
[INFO] [stdout] 
[INFO] [stdout] error[E0433]: failed to resolve: use of undeclared crate or module `winapi`
[INFO] [stdout]    --> src/main.rs:269:21
[INFO] [stdout]     |
[INFO] [stdout] 269 |   let mut message : winapi::um::winuser::MSG = unsafe { std::mem::zeroed() };
[INFO] [stdout]     |                     ^^^^^^ use of undeclared crate or module `winapi`
[INFO] [stdout] 
[INFO] [stdout] 
[INFO] [stdout] error[E0425]: cannot find function `tile_window` in this scope
[INFO] [stdout]    --> src/main.rs:101:19
[INFO] [stdout]     |
[INFO] [stdout] 101 |     "TopLeft" =>  tile_window(-1,-1,config.gap,config.edge_gap),
[INFO] [stdout]     |                   ^^^^^^^^^^^ not found in this scope
[INFO] [stdout] 
[INFO] [stdout] 
[INFO] [stdout] error[E0425]: cannot find function `tile_window` in this scope
[INFO] [stdout]    --> src/main.rs:101:19
[INFO] [stdout]     |
[INFO] [stdout] 101 |     "TopLeft" =>  tile_window(-1,-1,config.gap,config.edge_gap),
[INFO] [stdout]     |                   ^^^^^^^^^^^ not found in this scope
[INFO] [stdout] 
[INFO] [stdout] 
[INFO] [stdout] error[E0425]: cannot find function `tile_window` in this scope
[INFO] [stdout]    --> src/main.rs:102:15
[INFO] [stdout]     |
[INFO] [stdout] 102 |     "Top" =>  tile_window(0,-1,config.gap,config.edge_gap),
[INFO] [stdout]     |               ^^^^^^^^^^^ not found in this scope
[INFO] [stdout] 
[INFO] [stdout] 
[INFO] [stdout] error[E0425]: cannot find function `tile_window` in this scope
[INFO] [stdout]    --> src/main.rs:102:15
[INFO] [stdout]     |
[INFO] [stdout] 102 |     "Top" =>  tile_window(0,-1,config.gap,config.edge_gap),
[INFO] [stdout]     |               ^^^^^^^^^^^ not found in this scope
[INFO] [stdout] 
[INFO] [stdout] 
[INFO] [stdout] error[E0425]: cannot find function `tile_window` in this scope
[INFO] [stdout]    --> src/main.rs:103:19
[INFO] [stdout]     |
[INFO] [stdout] 103 |     "TopRight" => tile_window(1,-1,config.gap,config.edge_gap),
[INFO] [stdout]     |                   ^^^^^^^^^^^ not found in this scope
[INFO] [stdout] 
[INFO] [stdout] 
[INFO] [stdout] error[E0425]: cannot find function `tile_window` in this scope
[INFO] [stdout]    --> src/main.rs:103:19
[INFO] [stdout]     |
[INFO] [stdout] 103 |     "TopRight" => tile_window(1,-1,config.gap,config.edge_gap),
[INFO] [stdout]     |                   ^^^^^^^^^^^ not found in this scope
[INFO] [stdout] 
[INFO] [stdout] 
[INFO] [stdout] error[E0425]: cannot find function `tile_window` in this scope
[INFO] [stdout]    --> src/main.rs:105:16
[INFO] [stdout]     |
[INFO] [stdout] 105 |     "Left" =>  tile_window(-1,0,config.gap,config.edge_gap),
[INFO] [stdout]     |                ^^^^^^^^^^^ not found in this scope
[INFO] [stdout] 
[INFO] [stdout] 
[INFO] [stdout] error[E0425]: cannot find function `tile_window` in this scope
[INFO] [stdout]    --> src/main.rs:105:16
[INFO] [stdout]     |
[INFO] [stdout] 105 |     "Left" =>  tile_window(-1,0,config.gap,config.edge_gap),
[INFO] [stdout]     |                ^^^^^^^^^^^ not found in this scope
[INFO] [stdout] 
[INFO] [stdout] 
[INFO] [stdout] error[E0425]: cannot find function `tile_window` in this scope
[INFO] [stdout]    --> src/main.rs:106:18
[INFO] [stdout]     |
[INFO] [stdout] 106 |     "Middle" =>  tile_window(0,0,config.gap,config.edge_gap),
[INFO] [stdout]     |                  ^^^^^^^^^^^ not found in this scope
[INFO] [stdout] 
[INFO] [stdout] 
[INFO] [stdout] error[E0425]: cannot find function `tile_window` in this scope
[INFO] [stdout]    --> src/main.rs:106:18
[INFO] [stdout]     |
[INFO] [stdout] 106 |     "Middle" =>  tile_window(0,0,config.gap,config.edge_gap),
[INFO] [stdout]     |                  ^^^^^^^^^^^ not found in this scope
[INFO] [stdout] 
[INFO] [stdout] 
[INFO] [stdout] error[E0425]: cannot find function `tile_window` in this scope
[INFO] [stdout]    --> src/main.rs:107:17
[INFO] [stdout]     |
[INFO] [stdout] 107 |     "Right" =>  tile_window(1,0,config.gap,config.edge_gap),
[INFO] [stdout]     |                 ^^^^^^^^^^^ not found in this scope
[INFO] [stdout] 
[INFO] [stdout] 
[INFO] [stdout] error[E0425]: cannot find function `tile_window` in this scope
[INFO] [stdout]    --> src/main.rs:107:17
[INFO] [stdout]     |
[INFO] [stdout] 107 |     "Right" =>  tile_window(1,0,config.gap,config.edge_gap),
[INFO] [stdout]     |                 ^^^^^^^^^^^ not found in this scope
[INFO] [stdout] 
[INFO] [stdout] 
[INFO] [stdout] error[E0425]: cannot find function `tile_window` in this scope
[INFO] [stdout]    --> src/main.rs:109:22
[INFO] [stdout]     |
[INFO] [stdout] 109 |     "BottomLeft" =>  tile_window(-1,1,config.gap,config.edge_gap),
[INFO] [stdout]     |                      ^^^^^^^^^^^ not found in this scope
[INFO] [stdout] 
[INFO] [stdout] 
[INFO] [stdout] error[E0425]: cannot find function `tile_window` in this scope
[INFO] [stdout]    --> src/main.rs:109:22
[INFO] [stdout]     |
[INFO] [stdout] 109 |     "BottomLeft" =>  tile_window(-1,1,config.gap,config.edge_gap),
[INFO] [stdout]     |                      ^^^^^^^^^^^ not found in this scope
[INFO] [stdout] 
[INFO] [stdout] 
[INFO] [stdout] error[E0425]: cannot find function `tile_window` in this scope
[INFO] [stdout]    --> src/main.rs:110:18
[INFO] [stdout]     |
[INFO] [stdout] 110 |     "Bottom" =>  tile_window(0,1,config.gap,config.edge_gap),
[INFO] [stdout]     |                  ^^^^^^^^^^^ not found in this scope
[INFO] [stdout] 
[INFO] [stdout] 
[INFO] [stdout] error[E0425]: cannot find function `tile_window` in this scope
[INFO] [stdout]    --> src/main.rs:111:23
[INFO] [stdout]     |
[INFO] [stdout] 111 |     "BottomRight" =>  tile_window(1,1,config.gap,config.edge_gap),
[INFO] [stdout]     |                       ^^^^^^^^^^^ not found in this scope
[INFO] [stdout] 
[INFO] [stdout] 
[INFO] [stdout] error[E0425]: cannot find function `tile_window` in this scope
[INFO] [stdout]    --> src/main.rs:113:10
[INFO] [stdout]     |
[INFO] [stdout] 113 |     _ => tile_window(0,0,config.gap,config.edge_gap)
[INFO] [stdout]     |          ^^^^^^^^^^^ not found in this scope
[INFO] [stdout] 
[INFO] [stdout] 
[INFO] [stdout] error[E0425]: cannot find function `tile_window` in this scope
[INFO] [stdout]    --> src/main.rs:110:18
[INFO] [stdout]     |
[INFO] [stdout] 110 |     "Bottom" =>  tile_window(0,1,config.gap,config.edge_gap),
[INFO] [stdout]     |                  ^^^^^^^^^^^ not found in this scope
[INFO] [stdout] 
[INFO] [stdout] 
[INFO] [stdout] error[E0425]: cannot find function `tile_window` in this scope
[INFO] [stdout]    --> src/main.rs:111:23
[INFO] [stdout]     |
[INFO] [stdout] 111 |     "BottomRight" =>  tile_window(1,1,config.gap,config.edge_gap),
[INFO] [stdout]     |                       ^^^^^^^^^^^ not found in this scope
[INFO] [stdout] 
[INFO] [stdout] 
[INFO] [stdout] error[E0425]: cannot find function `tile_window` in this scope
[INFO] [stdout]    --> src/main.rs:113:10
[INFO] [stdout]     |
[INFO] [stdout] 113 |     _ => tile_window(0,0,config.gap,config.edge_gap)
[INFO] [stdout]     |          ^^^^^^^^^^^ not found in this scope
[INFO] [stdout] 
[INFO] [stdout] 
[INFO] [stdout] error: aborting due to 15 previous errors
[INFO] [stdout] 
[INFO] [stdout] 
[INFO] [stdout] Some errors have detailed explanations: E0425, E0433.
[INFO] [stdout] 
[INFO] [stdout] For more information about an error, try `rustc --explain E0425`.
[INFO] [stdout] 
[INFO] [stdout] error: aborting due to 15 previous errors
[INFO] [stdout] 
[INFO] [stdout] 
[INFO] [stdout] Some errors have detailed explanations: E0425, E0433.
[INFO] [stdout] 
[INFO] [stdout] For more information about an error, try `rustc --explain E0425`.
[INFO] [stdout] 
[INFO] [stderr] error: could not compile `wintile` (bin "wintile") due to 16 previous errors
[INFO] [stderr] warning: build failed, waiting for other jobs to finish...
[INFO] [stderr] error: could not compile `wintile` (bin "wintile" test) due to 16 previous errors
[INFO] running `Command { std: "docker" "inspect" "dfacb5736852a3e24b3a7a539eae3e34177cc6693ea7c0e9096487e436787b6b", kill_on_drop: false }`
[INFO] running `Command { std: "docker" "rm" "-f" "dfacb5736852a3e24b3a7a539eae3e34177cc6693ea7c0e9096487e436787b6b", kill_on_drop: false }`
[INFO] [stdout] dfacb5736852a3e24b3a7a539eae3e34177cc6693ea7c0e9096487e436787b6b
